r?
True
Is 40999217 a prime number?
False
Is 9580841 prime?
True
Is 58672259 composite?
False
Is 36698807 composite?
True
Is 8334289 prime?
False
Is 7908911 composite?
False
Is 230218981 a prime number?
False
Is 703203533 composite?
False
Is 77583907 composite?
False
Is 11411377 a composite number?
True
Is 26476849 a composite number?
True
Is 24359341 a composite number?
True
Is 15282341 a prime number?
True
Is 1320667 prime?
True
Is 135213989 composite?
True
Is 27955502 a prime number?
False
Is 97926349 a prime number?
True
Is 746561 a composite number?
False
Is 10479463 a prime number?
False
Is 10285453 prime?
True
Is 125833 a prime number?
False
Is 100448941 prime?
True
Is 74234219 a composite number?
False
Is 146839423 composite?
False
Is 116103457 a composite number?
False
Is 19386949 a prime number?
False
Is 39029801 composite?
True
Is 145283 a composite number?
False
Is 2139901 a prime number?
False
Is 787357 composite?
False
Is 23122331 a composite number?
False
Is 65907661 a composite number?
True
Is 1334903 a prime number?
True
Is 619886669 composite?
False
Is 10187179 a composite number?
True
Is 122253311 a prime number?
True
Is 2247899 composite?
False
Is 521617 composite?
True
Is 18432521 composite?
False
Is 1952981 composite?
False
Is 1114111 composite?
False
Is 42550787 prime?
True
Is 10684918 a composite number?
True
Is 20121685 prime?
False
Is 6992599 prime?
True
Is 10255571 a prime number?
True
Is 5093177 composite?
True
Is 4296719 a prime number?
False
Is 596473557 composite?
True
Is 11439383 a composite number?
False
Is 5150377 prime?
True
Is 26892343 a composite number?
True
Is 299016665 a prime number?
False
Is 1588711 a prime number?
True
Is 8417653 prime?
False
Is 253154503 prime?
False
Is 9490213 prime?
False
Is 34334533 prime?
True
Is 2037835 composite?
True
Is 59328419 composite?
True
Is 6462697 composite?
False
Is 27084217 prime?
True
Is 21475093 a prime number?
False
Is 2567417 a composite number?
False
Is 2499247 composite?
False
Is 76701098 a prime number?
False
Is 31596307 composite?
False
Is 7039763 prime?
True
Is 1853191 prime?
True
Is 6970057 prime?
False
Is 2051299 a prime number?
False
Is 7107077 prime?
False
Is 4870169 prime?
False
Is 43426069 prime?
False
Is 62000773 composite?
False
Is 4179893 composite?
False
Is 2823971 prime?
True
Is 86126741 a prime number?
True
Is 131762317 a composite number?
False
Is 1596211 a prime number?
True
Is 9209047 composite?
False
Is 8263859 prime?
True
Is 8414779 prime?
False
Is 19470161 a composite number?
False
Is 14982827 composite?
True
Is 1589453 a composite number?
False
Is 5697017 composite?
True
Is 43654187 prime?
True
Is 2259229 prime?
False
Is 205371277 composite?
True
Is 5817167 a composite number?
False
Is 128294965 composite?
True
Is 2270305 composite?
True
Is 249500549 a composite number?
False
Is 210531821 a composite number?
False
Is 1364819 a prime number?
False
Is 604449715 composite?
True
Is 40408177 composite?
True
Is 320740487 a composite number?
False
Is 236062591 a composite number?
False
Is 3286721 composite?
False
Is 1169131 a prime number?
True
Is 576847597 composite?
True
Is 204232517 a prime number?
True
Is 63731119 composite?
False
Is 277226839 prime?
True
Is 2269201 composite?
True
Is 25968823 prime?
False
Is 19804306 composite?
True
Is 112003405 prime?
False
Is 869039 a prime number?
True
Is 15723037 a composite number?
True
Is 20277773 a prime number?
True
Is 5581441 composite?
True
Is 9926601 a composite number?
True
Is 61589207 composite?
False
Is 640977353 prime?
True
Is 1814843 a composite number?
False
Is 956477 a composite number?
False
Is 4160123 prime?
False
Is 4726261 prime?
True
Is 8086843 a prime number?
True
Is 45758239 composite?
True
Is 29886457 a composite number?
True
Is 613175851 composite?
False
Is 260929999 a prime number?
False
Is 3220381 composite?
False
Is 1463767 a composite number?
False
Is 1075861 composite?
True
Is 62698721 composite?
False
Is 4571263 a prime number?
True
Is 11009839 prime?
False
Is 19395529 prime?
True
Is 173353685 a composite number?
True
Is 21808613 prime?
True
Is 1559531 composite?
False
Is 139363253 composite?
False
Is 4180909 composite?
False
Is 389327 a composite number?
True
Is 50133563 a prime number?
True
Is 3565213 composite?
False
Is 4372207 a composite number?
True
Is 766243 composite?
True
Is 1253143 a prime number?
False
Is 147761 prime?
True
Is 88363169 a prime number?
True
Is 666761905 composite?
True
Is 2498267 composite?
True
Is 959719 a prime number?
True
Is 29905823 a prime number?
True
Is 29819 composite?
False
Is 30588386 a prime number?
False
Is 3194267 prime?
False
Is 22620887 a composite number?
True
Is 46440101 prime?
True
Is 1703590927 a prime number?
False
Is 212251381 composite?
True
Is 216277 prime?
False
Is 5337889 composite?
False
Is 11664181 a prime number?
True
Is 1093819 prime?
False
Is 29359763 composite?
False
Is 4107385 composite?
True
Is 102375341 prime?
True
Is 6227113 composite?
False
Is 15250867 prime?
True
Is 79523701 a composite number?
False
Is 13197719 a prime number?
True
Is 165732383 composite?
True
Is 1030284946 prime?
False
Is 59527619 a prime number?
True
Is 3120407 a composite number?
False
Is 2475269 prime?
True
Is 69772546 composite?
True
Is 294385849 a composite number?
False
Is 1915703 composite?
False
Is 2930167 a composite number?
False
Is 3342223 prime?
True
Is 5814199 a prime number?
True
Is 413737 prime?
True
Is 63175823 a composite number?
False
Is 1152989 composite?
False
Is 2449327 a prime number?
True
Is 915499 composite?
True
Is 2313323 a prime number?
True
Is 1501523 a prime number?
True
Is 26701049 a prime number?
True
Is 125849485 prime?
False
Is 77805641 composite?
True
Is 265235557 a prime number?
True
Is 30382853 composite?
False
Is 2164343 a prime number?
False
Is 134697491 a prime number?
True
Is 214474577 a composite number?
False
Is 36334469 a prime number?
True
Is 1037741 a prime number?
True
Is 121564861 a composite number?
True
Is 611209 prime?
False
Is 1558967 a composite number?
False
Is 15446954 composite?
True
Is 846956213 a prime number?
True
Is 51739523 prime?
False
Is 660515 composite?
True
Is 6562813 a composite number?
False
Is 3401263 prime?
False
Is 6517493 composite?
True
Is 24408143 a prime number?
False
Is 1266427 a prime number?
False
Is 108461713 a composite number?
False
Is 64755157 a prime number?
True
Is 46279 prime?
True
Is 13200331 a composite number?
True
Is 118561 a prime number?
False
Is 2867467 prime?
True
Is 1050139 a composite number?
False
Is 2009753 prime?
False
Is 104858597 a prime number?
True
Is 1529551 a composite number?
True
Is 9164021 a prime number?
True
Is 61990741 a prime number?
True
Is 59357471 composite?
True
Is 126283933 a prime number?
False
Is 76500293 composite?
True
Is 124627 a composite number?
True
Is 3891821 prime?
True
Is 292074553 prime?
True
Is 63407517 prime?
False
Is 524701 a composite number?
False
Is 28933666 a composite number?
True
Is 146335457 a prime number?
True
Is 31826011 composite?
True
Is 55379657 a composite number?
True
Is 416199671 a prime number?
True
Is 5977291 composite?
True
Is 491773 composite?
False
Is 14292778 a composite number?
True
Is 2697671 composite?
True
Is 7168813 a composite number?
False
Is 2868493 a prime number?
True
Is 105437 prime?
True
Is 3269303 a prime number?
True
Is 142542319 prime?
True
Is 2880299 prime?
True
Is 9732941 a prime number?
True
Is 634059689 prime?
True
Is 56634847 a prime number?
True
Is 4334053 prime?
False
Is 73573553 a composite number?
True
Is 48858157 composite?
False
Is 4166999 composite?
False
Is 116094587 prime?
False
Is 2435294 prime?
False
Is 1744453 prime?
False
Is 95820419 a composite number?
False
Is 49116737 prime?
True
Is 2225791 composite?
False
Is 9677 prime?
True
Is 82748711 composite?
False
Is 10217447 a composite number?
False
Is 8409601 composite?
False
Is 918707 prime?
False
Is 13335593 a composite number?
True
Is 25464391 prime?
False
Is 125329 a composite number?
False
Is 15624407 a prime number?
False
Is 1457011 a prime number?
True
Is 665887 prime?
False
Is 12929 composite?
True
Is 70534627 a composite number?
False
Is 60127049 a composite number?
True
Is 4765493 a composite number?